e f(p).
6
Let o(s) = -s**3 - 4. Suppose 3*z = -z. Give o(z).
-4
Let z be (4/(-12))/(2/6). Let i(b) = b. Let w(s) = 9*s - 1. Let l(u) = -8*u. Let g(y) = 4*l(y) + 3*w(y). Let n(h) = z*g(h) - 2*i(h). Determine n(-3).
-6
Let o(u) = -u**3 - 1. Let b(q) = 5*q**3 - q**2 - 3*q + 4. Let j(p) = -b(p) - 6*o(p). Suppose -5*v - z - 9 = -0*v, -2*v - 8 = -4*z. Give j(v).
-8
Let v(o) = -o**3 - 4*o**2 - 2*o + 0*o + 0*o**2 + 5*o. Calculate v(-5).
10
Let s(f) = -5 - 5*f**2 + 3*f**3 - f + 0*f**3 - 4*f**3. Suppose -6 = -n - 1. Suppose -n*w - 13 - 12 = 0. Give s(w).
0
Let p(m) be the third derivative of m**6/720 - m**5/60 - m**4/8 + 2*m**2. Let z(o) be the second derivative of p(o). Determine z(-4).
-6
Suppose 0 = -2*j + 3*j. Suppose j = k + 4*k - 150. Suppose -3*p - 23 = 4*o, 4*p = -0*p - 5*o - k. Let w(u) = u**3 + 4*u**2 - 4*u + 5. Determine w(p).
0
Let t(i) be the third derivative of i**6/720 + i**5/120 - 7*i**4/24 + 5*i**2. Let j(d) be the second derivative of t(d). What is j(5)?
6
Let r = -3 - -7. Let d(m) = 2*m**3 - 6 + 0 - m**3 + 3 - r*m. Let j = 6 + -8. Determine d(j).
-3
Let p(q) be the third derivative of -q**5/60 + 5*q**4/24 - q**3/3 - 8*q**2. Determine p(6).
-8
Let a(n) = n - 11. Suppose -2*q = 2*q - 24. Calculate a(q).
-5
Let c(i) = -3*i + i - 4 + 3*i. Let h(z) = z**2 + 4*z - 2. Let a(w) = -w**3 + 7*w**2 + 6*w + 11. Let t be a(8). Let v be h(t). What is c(v)?
-1
Let a(q) be the first derivative of q**4/4 - q**3 + 3*q**2/2 + 2. What is a(3)?
9
Suppose 4*k - 2*q - 14 = -k, -2 = 3*k + 4*q. Let d(a) = -a**3 + 3*a**2 - 4*a + 2. What is d(k)?
-2
Let v(w) be the first derivative of -3*w**2/2 + w + 6. Determine v(7).
-20
Let z be (-32)/(-176) + 4/(-22). Let j(o) be the third derivative of -1/60*o**5 + z*o**3 - 2*o**2 + 0*o**4 + 0*o + 0. Give j(-2).
-4
Suppose 0 = g - 5*i - 1, 4*g - 4*i = 6 - 2. Let m(y) = 6*y - 6*y - y**2 + 4*y - g. What is m(4)?
-1
Suppose 20 = -2*k + 6. Let n = k + 2. Let i(h) = -2*h - 7. Give i(n).
3
Let u(m) = -2 + 1 - 5 + 4*m. Calculate u(5).
14
Let b(d) be the third derivative of d**2 + 0 - 1/30*d**5 + 0*d - 1/12*d**4 - 1/2*d**3. Let a(t) = -2*t**2. Let z be a(-1). Determine b(z).
-7
Let b(y) = 7*y - 12. Let f(m) = -2*m + 1. Let z(k) = b(k) + 3*f(k). Let u(a) = a**3 + 3*a**2 - 5*a - 4. Let l be u(-4). Give z(l).
-9
Suppose -3*l + 18 + 3 = 0. Suppose -5*i + 1 = -4*k - l, 3*i - 2*k = 6. Let g(r) = -r**2 + 3*r + 3. What is g(i)?
-1
Let d = -13 - -19. Suppose 3*f - 4*c = -18, f - 2*c = -7*c - d. Let u be 1/(f/4 - -1). Let w(g) = 3*g + 1. Determine w(u).
-5
Let s(m) be the first derivative of m**3/3 - 3*m**2 - 5*m + 3. Give s(6).
-5
Let g = 4 + 2. Let r = g - 6. Let z(h) = -h + 2. Determine z(r).
2
Suppose w = -0*w. Let i be (0 + w)/(2/1). Let p(r) be the second derivative of -r**4/12 - r**3/6 - 3*r**2 - r. Determine p(i).
-6
Let y(r) be the second derivative of -r**4/8 - r**2 - 3*r. Let p(f) be the first derivative of y(f). What is p(2)?
-6
Suppose -2*t = -5*y - 8 + 25, -3*t = -5*y + 18. Let u(z) = 0*z**2 - 4*z**3 + 4*z**2 + 5*z**3 + 0*z**y - 3*z + 6. Let b = -8 + 3. What is u(b)?
-4
Let x(g) = -g**3 - 4*g**2 + 6*g + 4. Suppose -4*d + 5*p + 10 = -2*d, -4*p = 16. Determine x(d).
-1
Let a(p) = -p**3 + 3*p**2 + 2. Let x be 1/(-4) + (-84)/(-16). Let v = 1 + -3. Let r = x + v. Give a(r).
2
Let t(h) = -16*h**3 + h**2 - 2*h + 1. Let q = 9 + -8. Give t(q).
-16
Suppose 0 = -4*v - 2 - 2. Let j(w) = -5*w + 1. Let x be j(v). Let m(g) = -g**2 + 6*g + 5. What is m(x)?
5
Let s(d) = 2*d - 8. Let n be 54/(-15)*(-10)/4. Let w be 10*(3 - n/5). Let a be (2/(-2))/((-2)/w). Calculate s(a).
4
Let w be 1/1*(9 + -8). Let m(f) = 7*f**3 - 9*f**2 - 9*f. Let p(i) = -2*i**3 + 2*i**2 + 2*i. Let h(n) = -2*m(n) - 9*p(n). Calculate h(w).
4
Let p(m) be the third derivative of m**6/120 + m**5/15 + m**4/24 - m**3/2 - 10*m**2. What is p(-3)?
3
Let u(n) = n**3 - 4*n**2 + 3*n. Suppose -4*g - 2 + 6 = -2*j, -2*g = j - 6. Let a be (0 - 0 - g) + 17. Let l be ((-6)/a)/((-2)/10). What is u(l)?
-2
Let w(i) be the first derivative of i**4/4 - i**3/3 + i**2/2 - 8*i + 26. Calculate w(0).
-8
Let y(q) = -4*q**3 - q**2 - 8. Let h(z) = -z**3 - 1. Let i(f) = -5*h(f) + y(f). Give i(0).
-3
Suppose -6 = -0*v - 2*v. Let t(o) = -o + 5. Let q be t(v). Let s(j) = 1 - q*j + 4*j + 0. Give s(1).
3
Let x(d) = 3*d + 13. Let b(t) = 2*t + 7. Let m(q) = -5*b(q) + 3*x(q). Let k(r) = r - 5. Let f = 5 + -10. Let l(g) = f*k(g) - 6*m(g). What is l(-2)?
-1
Let r(y) = -9*y. Let x(z) = -4*z + 4. Let g(u) = -5*u + 5. Let n(k) = 3*g(k) - 4*x(k). Let t = -5 + 4. Let q(p) = t*r(p) - 6*n(p). Calculate q(-5).
-9
Let y(g) be the first derivative of -g**6/120 + g**5/60 - g**4/12 - g**3/3 - 2. Let a(b) be the third derivative of y(b). Give a(2).
-10
Let t(u) = -u - 2. Let n be t(-7). Suppose n*w = -0*w. Let o(a) = -a**2 - a + 1. What is o(w)?
1
Let q = -9 + 13. Let b = 8 - q. Let x(o) = -2*o. Give x(b).
-8
Let l = 11 + -11. Let d(p) be the third derivative of l + 0*p + 1/24*p**4 - p**3 - 2*p**2. Give d(0).
-6
Let v be (0 + 3)/(1/(-1)). Let z(h) = h**3 + h**2 - h - 1. Let t(u) = 1 - 2*u**2 - 6 + 7*u**3 + 10*u**2 - 7*u. Let c(i) = t(i) - 6*z(i). Determine c(v).
-5
Let t(f) = -f**2 - 6*f - 2. Let s(b) = b + 1. Let d(k) = -6*s(k) - t(k). Calculate d(0).
-4
Suppose 2*j + 12 = 5*j. Let s = j - -1. Let q(p) = -p**2 + 3*p + 5. Determine q(s).
-5
Let t(d) be the third derivative of -d**4/24 - d**3/6 + 3*d**2. Determine t(3).
-4
Let y(w) be the third derivative of w**5/60 - w**4/24 - w**3/6 + 2*w**2. Let r be 2/2*0 + 2. Let t be y(r). Let z(j) = -j**3 + j**2 - j. What is z(t)?
-1
Let o(p) = -p**3 + p**2. Let t(b) = b**2 + b - 1. Let m(j) = o(j) - t(j). Give m(0).
1
Let b(h) = -h**3 + 2*h**2 + h + 1. Suppose 6*i = 7 + 11. What is b(i)?
-5
Let o(s) = -s**3 - 2*s**2 + 5*s + 2. Let x(f) = 1. Let l(i) = -i - 5. Let a(p) = -l(p) - 5*x(p). Let w be a(1). Let r = w + -4. Calculate o(r).
-4
Let y(f) = f + 2. Let s = 49 - 47. Determine y(s).
4
Let c(v) = -2*v - 2 + 4 - 3. Let p(t) = -t. Let d(z) = -c(z) - 6*p(z). Determine d(-1).
-7
Let c(g) be the third derivative of -g**6/60 - g**5/30 + g**3/6 - g**2. Suppose 0 = 5*i - 5*s - 10, 0*i = -4*i + 2*s + 2. Calculate c(i).
1
Let h = 1 + -4. Let l(p) = p + 1. Let o be l(h). Let b(z) = -3*z + 2. Give b(o).
8
Let h(z) = z**2 + 2*z + 1. Let r(d) = -d**3 + d**2 + 2. Let b be r(0). Suppose v - b = -5. Let f be (2/1 - 1) + v. What is h(f)?
1
Suppose -2*w + 18 - 14 = 0. Let j(l) = w*l - l + 1 - 1 - l**2 - 5*l**3. Calculate j(1).
-5
Suppose f = -f + 8. Let s(a) = -3*a**2 + 3*a + 3. Let b(u) = -u + 3 - 4*u**2 + 3*u + 1. Let n(t) = 2*b(t) - 3*s(t). Give n(f).
-5
Let r(f) = -f**2 - f + 7. Let t be (-2)/(-20)*-2 - (-144)/(-30). Calculate r(t).
-13
Let p = 0 + -1. Let w(t) = -40*t + 10. Let m(n) = -12*n + 3. Let z(i) = -7*m(i) + 2*w(i). What is z(p)?
-5
Let l(s) = -s. Let c(x) = 6*x - 1. Let r(g) = -c(g) - 5*l(g). What is r(4)?
-3
Let g(l) = 6*l + 1. Let q(o) = 6*o + 1. Let w(m) = -3*g(m) + 2*q(m). Suppose 2*d = d - 1. Calculate w(d).
5
Let y(c) be the first derivative of c**4/4 + 4*c**3/3 + c**2/2 - c + 2. Suppose -6*z + 2*z = -12. Suppose -u - z*j + 3 = -2, 0 = 4*u + 2*j + 10. What is y(u)?
-5
Suppose -5*v = 10, -37 + 6 = 5*m + 3*v. Let i be m*-2*1/(-2). Let r(z) be the second derivative of -z**5/20 - z**4/3 + 4*z**3/3 + 3*z**2 - 2*z. Give r(i).
-9
Suppose -16 = -11*d + 6. Let k(o) = 2*o**2 - 4*o + 2. What is k(d)?
2
Let v(d) = 5*d**3 - 24*d**2 - 26*d + 8. Let u(h) = -2*h**3 + 8*h**2 + 9*h - 3. Let i(z) = -8*u(z) - 3*v(z). What is i(-7)?
7
Suppose 0*n - n + 10 = -3*q, 0 = 4*q - n + 13. Let b(c) = -3*c + 3*c**2 - c**2 - 4 + c + 3*c. Calculate b(q).
11
Let n(w) = 2*w**2. Let b be n(1). Suppose v = -1 - b. Let k = v - -2. Let q(l) = -3*l + 1. Calculate q(k).
4
Let w(x) be the second derivative of x**5/20 + 7*x**4/12 + x**3 - 3*x**2/2 + 10*x. What is w(-6)?
-3
Let w(f) = f - 4. Let o(i) = -2*i - 9. Let m be o(-6). Let h be w(m). Let z(n) = 2*n + 4*n**2 - n - n**3 - 3*n**2 + 5*n**3. Determine z(h).
-4
Let f(d) = -d. Suppose s = -3*s + 12. What is f(s)?
-3
Let o(c) be the third derivative of -1/8*c**4 + c**3 + 0*c + 0 - c**2. Let a(r) = -5*r**3 + 2*r + 1. Let j be a(-1). What is o(j)?
-6
Let x be (-38)/(-6) - 3/9. Let v be (4/x)/(4/18). Suppose 0 = v*y - 4*y + 5. Let q(n) = -2*n + 2. Give q(y).
-8
Let c(n) be the 